n factor of y and 9.
3
Let a(m) = 148*m + 59. Let l be a(0). What is the highest common divisor of l and 1003?
59
Suppose 0 = -0*n - 2*n + 2. Let p be (0 - 0)*(-1)/(-3). Let b = 11 - p. What is the highest common divisor of b and n?
1
Suppose -2*k + 170 = 3*n, -n + 82 = k - 1. Let h = -53 + k. Calculate the greatest common factor of h and 130.
26
Suppose -24*f + 704 = -8*f. What is the highest common factor of f and 352?
44
Let f be 6 - -1*(-763)/(-7). Calculate the highest common divisor of f and 161.
23
Suppose -10 = 3*c - m - 127, -m = -c + 41. Let z = 170 - 167. Let y be z + (-5)/(10/184)*-1. What is the highest common factor of y and c?
19
Suppose -3*k = 13*j - 8*j - 114, 38 = k + j. Calculate the highest common factor of k and 19.
19
Let w = -141 - -178. Suppose h = 46 - w. What is the greatest common divisor of h and 24?
3
Let z = -3 - -5. Let u be z + (-2 - (-1 + -98)). Let k = 261 - u. Calculate the highest common divisor of k and 18.
18
Suppose u = 3*u - 6. Let j(t) = -2*t**3 - 2*t**2 + t + 8. Let c be j(-2). Let p = c - u. Calculate the greatest common factor of p and 22.
11
Suppose -53*q + 55*q - 12 = -f, q + f - 6 = 0. What is the highest common factor of 318 and q?
6
Suppose -149*m + 147*m + 124 = 0. Calculate the greatest common factor of 248 and m.
62
Suppose c + c = -6, -2*b + 5*c + 43 = 0. Suppose b*k = 15*k - 15. Calculate the greatest common divisor of 75 and k.
15
Suppose 5*u - 740 = -4*o, 3*u - o - 444 = -0*u. Suppose 2*w + u = 4*w. Let p = 0 + w. Calculate the highest common factor of p and 111.
37
Let f be ((-572)/33)/13*-66. Calculate the highest common divisor of 22 and f.
22
Let d(a) = -12 + 15*a - a**2 - 3*a + 3 + a. Let y be d(12). Calculate the greatest common divisor of 18 and y.
3
Let g be (0 + 5/(-1))*119/(-17). Suppose 2*k = -a + 23, g = 3*k - 3*a + 5*a. What is the highest common factor of 1 and k?
1
Let g(n) = -43*n**3 - 4*n**2 + 4*n + 5. Let q be g(-2). Calculate the greatest common divisor of q and 260.
65
Let o be (-1123)/(-7) + (225/63 - 4). Calculate the highest common factor of o and 128.
32
Let t be 2100/(1 - -9) - 3. Calculate the highest common factor of 115 and t.
23
Suppose 0 = 3*d - 5*v - 8, 0 = -2*d + 5*v - 0*v + 2. Let o = 70 + d. Suppose l - o = -3*l. Calculate the greatest common factor of l and 19.
19
Let j be (12/14)/(3/21). Suppose 6*l = l + 5. Suppose -l = 2*w - 5. What is the highest common factor of w and j?
2
Let w(y) = y**2 - 2*y - 65. Let q be w(-8). Calculate the highest common divisor of q and 165.
15
Suppose 0 = 5*y - 10, 3*b - 916 = 3*y - 361. Calculate the highest common divisor of b and 17.
17
Suppose 341 - 96 = 7*f. What is the highest common factor of 455 and f?
35
Suppose -4*z + z - 267 = -2*r, -5*z = -4*r + 533. Calculate the greatest common divisor of r and 24.
12
Let z(v) = v + 15. Let r = 12 - 9. Suppose -2*t = -3*d + r, -4*d + 6 = 2. Let x be z(t). Calculate the greatest common factor of 135 and x.
15
Suppose -f - 5 - 15 = 0. Let v = 44 + f. Calculate the highest common factor of 48 and v.
24
Let m = 3 + 0. Suppose -m*d = -g - 3, -d + 14 = -g + 5*g. Suppose -j + 2*j = 5*f + 97, -g*j = -5*f - 241. Calculate the highest common divisor of 48 and j.
24
Let x be (-5 + 124/8)/((-1)/6). Let t = -32 - x. Calculate the highest common factor of 31 and t.
31
Suppose 5*b - 145 = -2*p, -131 = -2*p - 3*b + 20. Calculate the highest common factor of p and 496.
16
Let f be (-2)/30*-5 - (-50)/3. What is the greatest common divisor of 51 and f?
17
Let v be (-82)/(-3) - ((-38)/(-6) + -6). Calculate the highest common divisor of 18 and v.
9
Let w(b) = -b**2 - 27*b + 94. Let p be w(-30). Calculate the highest common factor of 31 and p.
1
Suppose 0 = 80*h - 99*h + 26733. Calculate the highest common factor of h and 21.
21
Suppose 5*g - 9 = -3*u - 2, 0 = 2*u + 5*g - 3. Let q = 6 + u. Let z = 237 - 167. What is the highest common divisor of z and q?
10
Let f(q) = 3*q**2 - 10*q - 8. Let k be f(-4). Calculate the greatest common factor of 40 and k.
40
Suppose -68 - 280 = 3*z. Let q = 226 + z. Let m be (2 + 1)*10/3. Calculate the greatest common factor of q and m.
10
Let t be -3 + 10*2 - -1. Suppose 2*v - 16 = t. Suppose -7*c - 204 = -11*c. Calculate the highest common factor of c and v.
17
Let m be 5*6*14/35. Suppose -b = 3*b - m. Let d be (b + 0)/3*18. What is the highest common factor of d and 36?
18
Let c be (15/4)/15*56. Calculate the highest common factor of 1022 and c.
14
Suppose -3*g + 2 = -2*k, k + 4*k = 2*g + 17. Suppose 0*f = -4*f - r + 27, -2*r = -k*f + 37. What is the highest common factor of 35 and f?
7
Let d = 7 - 19. Let n be (14 + -1)*(-12)/d. What is the highest common divisor of n and 143?
13
Let q be 2/4 + (-135)/18. Let p(o) = -o**3 - 7*o**2 - o - 7. Let n be p(q). Suppose -6 = -3*b - n*b. What is the highest common factor of 18 and b?
2
Let f = 12 + -1. Let y = -233 - -266. What is the greatest common divisor of f and y?
11
Suppose -3*l - 534 = -w, 0 = -198*w + 197*w - l + 542. What is the highest common factor of w and 20?
20
Suppose -7*q = -12*q + 180. Suppose 11*b = 195 + q. Calculate the greatest common divisor of b and 7.
7
Suppose 4*b - 2*y - 134 = 0, 4*b + 9*y - 119 = 6*y. Calculate the greatest common divisor of 1 and b.
1
Let m = 30 - 32. Let t be (44/m)/(-1 - 1). What is the highest common divisor of 11 and t?
11
Let v be -4 - (-3)/((-12)/(-52)). Suppose 2*g = v*g - 168. What is the highest common factor of 36 and g?
12
Let c be (-16)/2 + (-29)/(87/(-288)). Suppose -5*u + u = -32. Calculate the highest common divisor of u and c.
8
Let r(a) = 12*a**2 + 4*a + 1. Let v(x) = -x**2 + 5. Let y be v(2). Let u be r(y). What is the highest common divisor of 187 and u?
17
Suppose 219*m = -5*k + 216*m + 577, 0 = 4*m + 4. Calculate the highest common divisor of k and 406.
58
Suppose -4*t = -4*a - 16, t + a = 5*t - 13. What is the greatest common factor of 27 and t?
3
Suppose 0 = -15*u + 19*u - 560. Suppose 0 = 5*w - u - 190. What is the highest common divisor of w and 44?
22
Let c be (-9 + -1)/(2/(-2)). Suppose -2*k - 2*r + 6 = 3*k, 3*r + 12 = 3*k. Let v be 0 - (-9 - (k - 7)). Calculate the highest common divisor of c and v.
2
Suppose 0 = -2*b - 4*v - 132 - 38, -5*b + v - 458 = 0. Let t = -51 - b. Calculate the highest common factor of 60 and t.
20
Let d(q) = -q + 3. Suppose 0 = -2*c + 1 - 27. Let b = c - -9. Let a be d(b). Calculate the greatest common divisor of a and 1.
1
Suppose 3*b - 10 - 8 = 0. Let r = 720 - 716. What is the highest common factor of b and r?
2
Suppose -g - 7*x = -3*x - 51, 4*g - 204 = 3*x. Suppose -468 + 166 = -18*u + 4. Calculate the highest common factor of u and g.
17
Suppose -200 = -632*h + 631*h. Calculate the greatest common divisor of 160 and h.
40
Let y = 33 - 28. Suppose -y*r + 10*r - 10 = 0. What is the highest common factor of r and 3?
1
Suppose 33 = -2*s + j, 2 = -3*j + 17. Let r be (-976)/s + 14/49. Calculate the greatest common factor of r and 28.
14
Let l be (-6 - (-9 + -1)) + (1 - -3019). What is the highest common factor of 144 and l?
144
Let k be (50/3)/((-6)/(-18)) + 0. What is the greatest common factor of 40 and k?
10
Suppose 3*z - 30 = -0*z. Suppose -c = h - z, 2*c = -h + 9 + 12. Let u = c + -4. Calculate the highest common divisor of 28 and u.
7
Let p = -96 + 103. Let l = 20 - -36. Calculate the highest common factor of l and p.
7
Let b be (-494)/(-14) + 42/(-147). Calculate the highest common factor of b and 5.
5
Let g = 185 + -127. Suppose -g = -3*n + 2*u - 3*u, -3*n - 3*u = -66. Suppose 0 = 2*t - 4*t + n. Calculate the greatest common factor of t and 36.
9
Suppose 0 = 3*p, -40*p = -o - 39*p + 18. Calculate the greatest common factor of 81 and o.
9
Suppose 0 = w - 1, 33 = 2*m + 2*w - 5*w. Let c be (-4 + 1)*8/6. Let n = c - -6. What is the greatest common divisor of n and m?
2
Let s be ((615/(-30))/41)/(1/(-10)). Let n(o) = o**2 - 4*o - 5. Let d be n(-5). What is the greatest common divisor of s and d?
5
Let m(q) = -6*q - 1. Let c be ((-6)/9*-3)/(-2). Let n be m(c). Suppose 0 = -z - 5*o, -5*z = 4*o - 0*o - 63. Calculate the greatest common factor of n and z.
5
Let d = -632 + 646. Let q(b) = -b**3 - 6*b**2 + 4. Let i be q(-6). Calculate the highest common divisor of d and i.
2
Let g be (2 - 2)/(-1 + 0)*-1. Let c(o) = o + 36. L